{"id":75692,"date":"2025-10-08T14:16:27","date_gmt":"2025-10-08T14:16:27","guid":{"rendered":"https:\/\/workexp.it\/?page_id=75692"},"modified":"2026-03-31T12:01:29","modified_gmt":"2026-03-31T12:01:29","slug":"informativa-privacy","status":"publish","type":"page","link":"https:\/\/workexp.it\/index.php\/informativa-privacy\/","title":{"rendered":"Informativa Privacy"},"content":{"rendered":"\n<h2 class=\"wp-block-heading\">ARTT. 12 \u2013 13 \u2013 14 REGOLAMENTO (UE) 2016\/679<\/h2>\n\n\n\n<p><strong>SITO WEB<\/strong>: <a href=\"https:\/\/workexp.it\">https:\/\/workexp.it<\/a><\/p>\n\n\n\n<p>Con il presente documento (\u201cInformativa\u201d) il titolare del trattamento, come di seguito definito, desidera fornire le informazioni sulle finalit\u00e0 e le modalit\u00e0 del trattamento dei dati personali e sui diritti che sono riconosciuti agli interessati dal Regolamento (UE) 2016\/679 relativo alla protezione delle persone fisiche, con riguardo al trattamento dei dati personali nonch\u00e9 alla loro libera circolazione (\u201cGDPR\u201d).<\/p>\n\n\n\n<p>La presente Informativa potr\u00e0 essere integrata dal titolare ove eventuali servizi aggiuntivi richiesti dagli interessati dovessero comportare ulteriori trattamenti.<\/p>\n\n\n\n<h2 class=\"wp-block-heading\">&nbsp;<\/h2>\n\n\n\n<h2 class=\"wp-block-heading\">1. IDENTIT\u00c0 E DATI DEL TITOLARE<\/h2>\n\n\n\n<p>Il titolare del trattamento dei dati personali \u00e8 Work Experience\u202fsrl, con sede legale in Via Nomentana 257 \u2013 00161\u202fRoma (RM) | C.F. 01781810609 \/ P.IVA 04672681006 | Tel. 06 4453728 | Email: info@workexp.it.<\/p>\n\n\n\n<h2 class=\"wp-block-heading\">2. FINALIT\u00c0 DEL TRATTAMENTO E BASE GIURIDICA<\/h2>\n\n\n\n<p>I dati personali saranno trattati per le seguenti finalit\u00e0:<br><\/p>\n\n\n\n<ul class=\"wp-block-list\">\n<li>Gestione delle richieste di contatto (base giuridica: consenso &#8211; Art. 6, c.1, lett. a. GDPR);<\/li>\n\n\n\n<li>Gestione candidature, tirocini e apprendistati (base giuridica: consenso &#8211; Art. 6, c.1, lett. a. GDPR);<\/li>\n\n\n\n<li>Adempimento obblighi di legge (base giuridica: obbligo legale &#8211; Art. 6, c.1, lett. c. GDPR);<\/li>\n\n\n\n<li>Marketing diretto e invio newsletter (base giuridica: consenso &#8211; Art. 6, c.1, lett. a. GDPR);<\/li>\n\n\n\n<li>Statistiche e ottimizzazione del sito web (base giuridica: legittimo interesse &#8211; Art. 6, c.1, lett. f. GDPR);<\/li>\n\n\n\n<li>Gestione cookie e strumenti di tracciamento (base giuridica: legittimo interesse &#8211; Art. 6, c.1, lett. f. GDPR per cookie tecnici; legittimo interesse &#8211; Art. 6, c.1, lett. f. GDPR per cookie tecnici per cookie analitici o di statistica senza identificazione diretta; consenso \u2013 Art. 6, c.1, lett. a. GDPR per cookie tecnici per cookie analitici o di statistica con identificazione o tracciamento; consenso \u2013 Art. 6, c.1, lett. a. GDPR per cookie tecnici per cookie di profilazione o marketing).<\/li>\n<\/ul>\n\n\n\n<h2 class=\"wp-block-heading\">3. TIPOLOGIE DI DATI TRATTATI<\/h2>\n\n\n\n<ul class=\"wp-block-list\">\n<li><strong>Dati identificativi<\/strong>&nbsp;(nome, cognome, data e luogo di nascita)<\/li>\n\n\n\n<li><strong>Dati di contatto<\/strong>&nbsp;(email, telefono, indirizzo di residenza\/domicilio\/dimora)<\/li>\n\n\n\n<li><strong>Dati professionali (<\/strong>curriculum, esperienze lavorative, titolo di studio)<\/li>\n\n\n\n<li><strong>Dati di navigazione<\/strong>&nbsp;(indirizzo IP, log di accesso, tipo di browser, dati di traffico)<\/li>\n\n\n\n<li><strong>Cookie:<\/strong> Cookie tecnici, Cookie analitici di terze parti con IP anonimizzato, Cookie analitici di terze parti con IP non anonimizzato, Cookie di profilazione di terze parti.<\/li>\n<\/ul>\n\n\n\n<h2 class=\"wp-block-heading\">4. CATEGORIE DI INTERESSATI<\/h2>\n\n\n\n<p>Le attivit\u00e0 di trattamento svolte sono rivolte alle seguenti categorie di interessati: persone fisiche che intendono usufruire dei servizi offerti dal titolare, utenti del sito.<\/p>\n\n\n\n<h2 class=\"wp-block-heading\">5. MODALIT\u00c0 DEL TRATTAMENTO<\/h2>\n\n\n\n<p>I dati sono trattati con strumenti elettronici e manuali, adottando misure tecniche e organizzative adeguate a garantire sicurezza e riservatezza in conformit\u00e0 all\u2019art. 32 del GDPR (cifratura, backup, accessi riservati).<\/p>\n\n\n\n<h2 class=\"wp-block-heading\">6. CONSERVAZIONE DEI DATI<\/h2>\n\n\n\n<p>I dati saranno conservati per periodi coerenti con le finalit\u00e0 del trattamento:<br>&#8211; Dati contatto: 12 mesi;<br>&#8211; Dati candidature: 24 mesi (Provv. Garante 5.6.2019);<br>&#8211; Dati marketing: fino a revoca del consenso;<br>&#8211; Dati cookie: secondo durata tecnica o normativa applicabile (si veda la cookie policy al seguente indirizzo: https:\/\/workexp.it\/index.php\/informativa-cookies\/).<\/p>\n\n\n\n<h2 class=\"wp-block-heading\">7. COMUNICAZIONE E DIFFUSIONE DEI DATI<\/h2>\n\n\n\n<p>I dati possono essere comunicati a fornitori, partner o enti pubblici nei limiti delle finalit\u00e0 dichiarate. Non \u00e8 prevista la diffusione dei dati.<\/p>\n\n\n\n<h2 class=\"wp-block-heading\">8. TRASFERIMENTO DATI EXTRA UE<\/h2>\n\n\n\n<p>I dati personali sono trattati esclusivamente all&#8217;interno della Unione Europea<\/p>\n\n\n\n<h2 class=\"wp-block-heading\">9. DIRITTI DELL&#8217;INTERESSATO &#8211; RECLAMO ALL&#8217;AUTORIT\u00c0 DI CONTROLLO<\/h2>\n\n\n\n<p>In relazione ai trattamenti descritti nella presente Informativa, in qualit\u00e0 di interessato potr\u00e0, alle condizioni previste dal GDPR, esercitare i diritti sanciti dagli articoli da 15 a 22 del GDPR e, in particolare, i seguenti diritti:<\/p>\n\n\n\n<ul class=\"wp-block-list\">\n<li><strong>diritto di accesso<\/strong>: diritto di ottenere conferma che sia o meno in corso un trattamento di dati personali che ti riguardano e, in tal caso, ottenere l&#8217;accesso ai tuoi dati personali;<\/li>\n\n\n\n<li><strong>diritto di rettifica<\/strong>: diritto di ottenere, senza ingiustificato ritardo, la rettifica dei dati personali inesatti che ti riguardano e\/o l&#8217;integrazione dei dati personali incompleti;<\/li>\n\n\n\n<li><strong>diritto alla cancellazione (diritto all\u2019oblio)<\/strong>: diritto di ottenere, senza ingiustificato ritardo, la cancellazione dei dati personali che ti riguardano. Il diritto alla cancellazione non si applica nella misura in cui il trattamento sia necessario per l\u2019adempimento di un obbligo legale o per l\u2019esecuzione di un compito svolto nel pubblico interesse o per l\u2019accertamento, l\u2019esercizio o la difesa di un diritto in sede giudiziaria;<\/li>\n\n\n\n<li><strong>diritto di limitazione di trattamento<\/strong> \u2013 articolo 18 GDPR: diritto di ottenere la limitazione del trattamento, quando:<\/li>\n<\/ul>\n\n\n\n<p>a) l\u2019interessato contesta l\u2019esattezza dei dati personali;<\/p>\n\n\n\n<p>b) il trattamento \u00e8 illecito e l\u2019interessato si oppone alla cancellazione dei dati personali e chiede invece che ne sia limitato l\u2019utilizzo;<\/p>\n\n\n\n<p>c) i dati personali sono necessari all\u2019interessato per l\u2019accertamento, l\u2019esercizio o la difesa di un diritto in sede giudiziaria;<\/p>\n\n\n\n<p>d) l&#8217;interessato si \u00e8 opposto al trattamento in attesa della verifica in merito all&#8217;eventuale prevalenza dei motivi legittimi del titolare del trattamento rispetto a quelli dell&#8217;interessato.<\/p>\n\n\n\n<ul class=\"wp-block-list\">\n<li><strong>diritto di limitazione di trattamento: diritto di ottenere la limitazione del trattamento;<\/strong><\/li>\n\n\n\n<li><strong>diritto alla portabilit\u00e0 dei dati<\/strong>: diritto di ricevere, in un formato strutturato, di uso comune e leggibile da un dispositivo automatico, i dati personali che ti riguardano e di fornirli ad altro titolare;<\/li>\n\n\n\n<li><strong>diritto di opposizione<\/strong>: diritto di opporsi al trattamento dei dati personali che ti riguardano per motivi legati alla tua situazione particolare e in ogni caso all\u2019uso dei tuoi dati a fini di marketing.<\/li>\n<\/ul>\n\n\n\n<p>Qualora un trattamento sia basato sul consenso, si potr\u00e0 revocare il consenso prestato in ogni occasione, e con la stessa facilit\u00e0 con cui \u00e8 stato fornito, senza pregiudicare la liceit\u00e0 del trattamento basata sul consenso prestato prima della revoca.<\/p>\n\n\n\n<p>L\u2019interessato ha inoltre il diritto di non essere soggetto ad una decisione basata esclusivamente su un trattamento automatizzato, compresa la profilazione, che abbia un effetto giuridico o incida in modo significativo su di lui. Tuttavia, il titolare potr\u00e0 adottare una decisione automatizzata se si rende necessaria per la sottoscrizione o l&#8217;esecuzione di un contratto con il titolale stesso, se \u00e8 autorizzata da una norma italiana o dell\u2019Unione Europea o se l\u2019interessato ha prestato il consenso.<\/p>\n\n\n\n<p>In ogni caso, l\u2019interessato ha la possibilit\u00e0 di contestare la decisione, esprimere sue opinioni in proposito e chiedere l&#8217;intervento di una persona che possa rivederla.<\/p>\n\n\n\n<p>Si potr\u00e0 proporre, in qualsiasi momento, un reclamo all\u2019Autorit\u00e0 Garante per la protezione dei dati personali: <a href=\"http:\/\/www.garanteprivacy.it\">http:\/\/www.garanteprivacy.it<\/a>.<\/p>\n\n\n\n<p>I diritti di cui sopra potranno essere esercitati, nei confronti del titolare, contattando i riferimenti sotto indicati.<\/p>\n\n\n\n<h4 class=\"wp-block-heading\">L\u2019esercizio dei diritti in qualit\u00e0 di interessato \u00e8 gratuito ai sensi dell\u2019articolo 12 GDPR. Tuttavia, nel caso di richieste manifestamente infondate o eccessive, anche per la loro ripetitivit\u00e0, il titolare potrebbe addebitare un contributo spese ragionevole, alla luce dei costi amministrativi sostenuti per gestire la richiesta, o negare la soddisfazione della richiesta. Il titolare potr\u00e0 richiedere ulteriori informazioni necessarie a confermare l\u2019identit\u00e0 dell\u2019interessato.<\/h4>\n\n\n\n<h2 class=\"wp-block-heading\">10. COOKIE E TECNOLOGIE DI TRACCIAMENTO<\/h2>\n\n\n\n<p>Il sito utilizza cookie tecnici, analitici e di terze parti (es. Google Analytics, Meta\/Linkedin). L\u2019uso di cookie non tecnici avviene solo previo consenso dell\u2019utente, che pu\u00f2 essere modificato in qualsiasi momento tramite il banner o le impostazioni del browser. Per i dettagli consultare l\u2019informativa cookie completa: https:\/\/workexp.it\/index.php\/informativa-cookies\/<\/p>\n\n\n\n<h2 class=\"wp-block-heading\">&nbsp;<\/h2>\n\n\n\n<h2 class=\"wp-block-heading\">11. PROFILAZIONE E PROCESSI DECISIONALI AUTOMATIZZATI<\/h2>\n\n\n\n<p>Non vengono effettuati trattamenti automatizzati o profilazioni significative ai sensi dell\u2019art. 22 del GDPR.<\/p>\n\n\n\n<h2 class=\"wp-block-heading\">12. INFORMAZIONI NON CONTENUTE IN QUESTA POLICY PRIVACY<\/h2>\n\n\n\n<p>Ulteriori informazioni in relazione al trattamento dei dati personali potranno essere richieste in qualsiasi momento al titolare del trattamento utilizzando gli estremi di contatto.<\/p>\n\n\n\n<h2 class=\"wp-block-heading\">13. MODIFICHE A QUESTA PRIVACY POLICY<\/h2>\n\n\n\n<p>Il titolare del trattamento si riserva il diritto di apportare modifiche alla presente privacy policy in qualunque momento dandone informazione agli utenti su questa pagina e, se possibile, su questo sito nonch\u00e9, qualora tecnicamente e legalmente fattibile, inviando una notifica agli utenti attraverso uno degli estremi di contatto di cui \u00e8 in possesso il titolare.<\/p>\n\n\n\n<p>Si prega dunque di consultare regolarmente questa pagina, facendo riferimento alla data di ultima modifica indicata in fondo.<\/p>\n\n\n\n<p>Qualora le modifiche interessino trattamenti la cui base giuridica \u00e8 il consenso, il titolare provveder\u00e0 a raccogliere nuovamente il consenso dell\u2019utente, se necessario.<\/p>\n\n\n\n<h2 class=\"wp-block-heading\">&nbsp;<\/h2>\n\n\n\n<h2 class=\"wp-block-heading\">14. CONTATTI<\/h2>\n\n\n\n<p>Work Experience\u202fsrl \u2013 Via Nomentana 257 \u2013 00161\u202fRoma (RM)<br>Email: info@workexp.it<br>Telefono: 06 4453728<\/p>\n\n\n\n<p>Aggiornamento Marzo 2026<\/p>\n","protected":false},"excerpt":{"rendered":"<p>ARTT. 12 \u2013 13 \u2013 14 REGOLAMENTO (UE) 2016\/679 SITO WEB: https:\/\/workexp.it Con il presente documento (\u201cInformativa\u201d) il titolare del trattamento, come di seguito definito, desidera fornire le informazioni sulle finalit\u00e0 e le modalit\u00e0 del trattamento dei dati personali e sui diritti che sono riconosciuti agli interessati dal Regolamento (UE) 2016\/679 relativo alla protezione delle [&hellip;]<\/p>\n","protected":false},"author":1,"featured_media":0,"parent":0,"menu_order":0,"comment_status":"closed","ping_status":"closed","template":"","meta":{"_et_pb_use_builder":"off","_et_pb_old_content":"","_et_gb_content_width":"1080","_exactmetrics_skip_tracking":false,"_exactmetrics_sitenote_active":false,"_exactmetrics_sitenote_note":"","_exactmetrics_sitenote_category":0,"footnotes":""},"class_list":["post-75692","page","type-page","status-publish","hentry"],"yoast_head":"<!-- This site is optimized with the Yoast SEO plugin v27.4 - https:\/\/yoast.com\/product\/yoast-seo-wordpress\/ -->\n<title>Informativa Privacy - WORK EXPERIENCE<\/title>\n<meta name=\"robots\" content=\"index, follow, max-snippet:-1, max-image-preview:large, max-video-preview:-1\" \/>\n<link rel=\"canonical\" href=\"https:\/\/workexp.it\/index.php\/informativa-privacy\/\" \/>\n<meta property=\"og:locale\" content=\"it_IT\" \/>\n<meta property=\"og:type\" content=\"article\" \/>\n<meta property=\"og:title\" content=\"Informativa Privacy - WORK EXPERIENCE\" \/>\n<meta property=\"og:description\" content=\"ARTT. 12 \u2013 13 \u2013 14 REGOLAMENTO (UE) 2016\/679 SITO WEB: https:\/\/workexp.it Con il presente documento (\u201cInformativa\u201d) il titolare del trattamento, come di seguito definito, desidera fornire le informazioni sulle finalit\u00e0 e le modalit\u00e0 del trattamento dei dati personali e sui diritti che sono riconosciuti agli interessati dal Regolamento (UE) 2016\/679 relativo alla protezione delle [&hellip;]\" \/>\n<meta property=\"og:url\" content=\"https:\/\/workexp.it\/index.php\/informativa-privacy\/\" \/>\n<meta property=\"og:site_name\" content=\"WORK EXPERIENCE\" \/>\n<meta property=\"article:modified_time\" content=\"2026-03-31T12:01:29+00:00\" \/>\n<meta name=\"twitter:card\" content=\"summary_large_image\" \/>\n<meta name=\"twitter:label1\" content=\"Tempo di lettura stimato\" \/>\n\t<meta name=\"twitter:data1\" content=\"7 minuti\" \/>\n<script type=\"application\/ld+json\" class=\"yoast-schema-graph\">{\"@context\":\"https:\\\/\\\/schema.org\",\"@graph\":[{\"@type\":\"WebPage\",\"@id\":\"https:\\\/\\\/workexp.it\\\/index.php\\\/informativa-privacy\\\/\",\"url\":\"https:\\\/\\\/workexp.it\\\/index.php\\\/informativa-privacy\\\/\",\"name\":\"Informativa Privacy - WORK EXPERIENCE\",\"isPartOf\":{\"@id\":\"https:\\\/\\\/workexp.it\\\/#website\"},\"datePublished\":\"2025-10-08T14:16:27+00:00\",\"dateModified\":\"2026-03-31T12:01:29+00:00\",\"breadcrumb\":{\"@id\":\"https:\\\/\\\/workexp.it\\\/index.php\\\/informativa-privacy\\\/#breadcrumb\"},\"inLanguage\":\"it-IT\",\"potentialAction\":[{\"@type\":\"ReadAction\",\"target\":[\"https:\\\/\\\/workexp.it\\\/index.php\\\/informativa-privacy\\\/\"]}]},{\"@type\":\"BreadcrumbList\",\"@id\":\"https:\\\/\\\/workexp.it\\\/index.php\\\/informativa-privacy\\\/#breadcrumb\",\"itemListElement\":[{\"@type\":\"ListItem\",\"position\":1,\"name\":\"Home\",\"item\":\"https:\\\/\\\/workexp.it\\\/\"},{\"@type\":\"ListItem\",\"position\":2,\"name\":\"Informativa Privacy\"}]},{\"@type\":\"WebSite\",\"@id\":\"https:\\\/\\\/workexp.it\\\/#website\",\"url\":\"https:\\\/\\\/workexp.it\\\/\",\"name\":\"WORK EXPERIENCE\",\"description\":\"Agenzia Privata di intermediazione al lavoro\",\"potentialAction\":[{\"@type\":\"SearchAction\",\"target\":{\"@type\":\"EntryPoint\",\"urlTemplate\":\"https:\\\/\\\/workexp.it\\\/?s={search_term_string}\"},\"query-input\":{\"@type\":\"PropertyValueSpecification\",\"valueRequired\":true,\"valueName\":\"search_term_string\"}}],\"inLanguage\":\"it-IT\"}]}<\/script>\n<!-- \/ Yoast SEO plugin. -->","yoast_head_json":{"title":"Informativa Privacy - WORK EXPERIENCE","robots":{"index":"index","follow":"follow","max-snippet":"max-snippet:-1","max-image-preview":"max-image-preview:large","max-video-preview":"max-video-preview:-1"},"canonical":"https:\/\/workexp.it\/index.php\/informativa-privacy\/","og_locale":"it_IT","og_type":"article","og_title":"Informativa Privacy - WORK EXPERIENCE","og_description":"ARTT. 12 \u2013 13 \u2013 14 REGOLAMENTO (UE) 2016\/679 SITO WEB: https:\/\/workexp.it Con il presente documento (\u201cInformativa\u201d) il titolare del trattamento, come di seguito definito, desidera fornire le informazioni sulle finalit\u00e0 e le modalit\u00e0 del trattamento dei dati personali e sui diritti che sono riconosciuti agli interessati dal Regolamento (UE) 2016\/679 relativo alla protezione delle [&hellip;]","og_url":"https:\/\/workexp.it\/index.php\/informativa-privacy\/","og_site_name":"WORK EXPERIENCE","article_modified_time":"2026-03-31T12:01:29+00:00","twitter_card":"summary_large_image","twitter_misc":{"Tempo di lettura stimato":"7 minuti"},"schema":{"@context":"https:\/\/schema.org","@graph":[{"@type":"WebPage","@id":"https:\/\/workexp.it\/index.php\/informativa-privacy\/","url":"https:\/\/workexp.it\/index.php\/informativa-privacy\/","name":"Informativa Privacy - WORK EXPERIENCE","isPartOf":{"@id":"https:\/\/workexp.it\/#website"},"datePublished":"2025-10-08T14:16:27+00:00","dateModified":"2026-03-31T12:01:29+00:00","breadcrumb":{"@id":"https:\/\/workexp.it\/index.php\/informativa-privacy\/#breadcrumb"},"inLanguage":"it-IT","potentialAction":[{"@type":"ReadAction","target":["https:\/\/workexp.it\/index.php\/informativa-privacy\/"]}]},{"@type":"BreadcrumbList","@id":"https:\/\/workexp.it\/index.php\/informativa-privacy\/#breadcrumb","itemListElement":[{"@type":"ListItem","position":1,"name":"Home","item":"https:\/\/workexp.it\/"},{"@type":"ListItem","position":2,"name":"Informativa Privacy"}]},{"@type":"WebSite","@id":"https:\/\/workexp.it\/#website","url":"https:\/\/workexp.it\/","name":"WORK EXPERIENCE","description":"Agenzia Privata di intermediazione al lavoro","potentialAction":[{"@type":"SearchAction","target":{"@type":"EntryPoint","urlTemplate":"https:\/\/workexp.it\/?s={search_term_string}"},"query-input":{"@type":"PropertyValueSpecification","valueRequired":true,"valueName":"search_term_string"}}],"inLanguage":"it-IT"}]}},"_links":{"self":[{"href":"https:\/\/workexp.it\/index.php\/wp-json\/wp\/v2\/pages\/75692","targetHints":{"allow":["GET"]}}],"collection":[{"href":"https:\/\/workexp.it\/index.php\/wp-json\/wp\/v2\/pages"}],"about":[{"href":"https:\/\/workexp.it\/index.php\/wp-json\/wp\/v2\/types\/page"}],"author":[{"embeddable":true,"href":"https:\/\/workexp.it\/index.php\/wp-json\/wp\/v2\/users\/1"}],"replies":[{"embeddable":true,"href":"https:\/\/workexp.it\/index.php\/wp-json\/wp\/v2\/comments?post=75692"}],"version-history":[{"count":4,"href":"https:\/\/workexp.it\/index.php\/wp-json\/wp\/v2\/pages\/75692\/revisions"}],"predecessor-version":[{"id":75911,"href":"https:\/\/workexp.it\/index.php\/wp-json\/wp\/v2\/pages\/75692\/revisions\/75911"}],"wp:attachment":[{"href":"https:\/\/workexp.it\/index.php\/wp-json\/wp\/v2\/media?parent=75692"}],"curies":[{"name":"wp","href":"https:\/\/api.w.org\/{rel}","templated":true}]}}